 12. Let d be p(-6). Suppose 2520 = d*u - 5*u. What is the greatest common divisor of u and 216?
72
Let v(w) = 3*w**2 + 107*w - 1876. Let k be v(35). What is the highest common divisor of 40 and k?
8
Let n(g) = 16*g**3 + g**2 + 18240. Let a be n(0). What is the greatest common divisor of a and 114?
114
Let g = -363 - -343. Let f be (22*(-28)/(-20))/((-8)/g). What is the highest common divisor of f and 11?
11
Suppose w - 4*m - 1677 = -0*m, 5*w + 4*m = 8217. Calculate the greatest common divisor of w and 68.
17
Let x be 297/12 - (8/(-32))/(1/(-3)). What is the highest common divisor of x and 1272?
24
Let z be -14*(2 - 4)/4. Suppose 2*n - z*n + 65 = 0. Suppose -11*f + 832 = 5*f. Calculate the greatest common divisor of f and n.
13
Let q = -79 + 121. Suppose 6 = -3*u + q. Calculate the greatest common factor of 720 and u.
12
Suppose -6*z = -2*z - 4. Let s be 10 + -1 - (2 - z). Suppose 25*q + 44*q = 35*q + 68. What is the highest common factor of q and s?
2
Suppose -5*b + 823 = -2*m, 5*b - 905 + 75 = -5*m. What is the highest common factor of b and 605?
55
Let v be 2/(-7) + (-120)/70. Let k(j) = -j**3 - 5*j**2 + 10*j + 6. Let t be k(-7). Let f = v + t. What is the greatest common divisor of 4 and f?
4
Suppose 0 = 5*p - 10, 78 = 2*t - p - p. Suppose 0*d - 9120 = -16*d. Let c = -283 + d. Calculate the greatest common divisor of t and c.
41
Let o be 78/(-52) - 124034/(-4). What is the highest common factor of 202 and o?
101
Let v be (828/(-30))/((81/60)/(-9)). Calculate the greatest common factor of 115 and v.
23
Let a(x) = -13*x + 2. Suppose 3*t - 33 = y, 0 = 4*y + t + 47 + 20. Let c = y - -16. Let k be a(c). What is the highest common factor of 14 and k?
14
Let t be 138/(-207) - (-2)/3*(-476)/(-8). Suppose s + 5*m - 138 = 0, 0*s - 3*s = -4*m - 433. Calculate the highest common divisor of s and t.
13
Let s be (162/15)/(3/45). Suppose -3*o - s = -555. Suppose -43 = u - o. What is the highest common divisor of u and 22?
22
Suppose 13*q - 11*q + 882 = 0. Let x = -409 - q. What is the highest common factor of 48 and x?
16
Let v be 225/((1 + 24/(-9))*54/(-180)). Calculate the highest common factor of v and 810.
90
Let y be (240/100)/(0 + 8/30). Suppose -243 = -3*q - 0*q. Calculate the highest common factor of q and y.
9
Let r(c) = -10*c - 78. Let y be r(8). Let f = y + 262. Calculate the greatest common factor of f and 130.
26
Let s(d) = 41*d - 332. Let t be s(12). Let u be (-546)/(-27) + 4/(-18). Calculate the highest common factor of u and t.
20
Let o(n) = 30 - 30 - 3*n - 5*n + 21. Let h be o(-3). What is the highest common divisor of 5 and h?
5
Let q be ((-1139)/402)/((-2)/6)*(2 - -36). What is the highest common divisor of 418 and q?
19
Let m = 152 + -220. Let c = m - -82. Calculate the greatest common divisor of c and 182.
14
Let g(x) = 36*x + 2. Let k be g(1). Let f = k - 19. Let z(s) = s**3 + 12*s**2 + 3*s - 12. Let t be z(-11). What is the highest common factor of f and t?
19
Let k be 6/(-15) - 9162/(-30). Suppose k + 397 = 3*z. What is the greatest common factor of 18 and z?
18
Let i = 8 - -7. Suppose 0 = 2175*l - 2166*l + 108. Let g be ((-72)/32)/(l/400). Calculate the highest common factor of g and i.
15
Let d = -83 - -199. Let a = d - 84. What is the highest common factor of a and 32?
32
Suppose 0 = 1032*u - 687*u - 10695. Suppose 5*z = z. Suppose z = -3*a + 5*a - 3*m - 295, 615 = 4*a - m. What is the greatest common divisor of a and u?
31
Let u be (-10 - -14)*77/4. Calculate the greatest common divisor of u and 2387.
77
Let z = 44 + -34. What is the greatest common factor of 2140 and z?
10
Let c(d) = 61*d - 129. Let o be c(21). What is the greatest common divisor of o and 36?
36
Let i = -4371 + 4391. What is the greatest common factor of i and 46340?
20
Suppose -4*x = 2*b - 360, 4*x + 2189*b - 360 = 2194*b. Calculate the highest common factor of 42 and x.
6
Suppose 11336 + 19789 = 19*i - 50195. Calculate the greatest common divisor of i and 360.
40
Let z(v) = -v**3 - 13*v**2 - 2*v - 8. Let u be z(-13). Suppose 10*p - 112 = -u*p. What is the greatest common divisor of 16 and p?
4
Let n = -31089 - -31105. Suppose 173 + 171 = i. What is the highest common factor of n and i?
8
Let h be (-6)/(-4)*9/((-36)/(-56)). Suppose -1248 = -4*k + k. Suppose -323 = -3*n + 4*a, 4*n + 2*a = -0*a + k. Calculate the highest common factor of h and n.
21
Let g = -6 - -4. Let a be g*(-1)/(2 - 6/4). Let x be (33/15*a)/((-1)/(-5)). Calculate the greatest common factor of x and 11.
11
Let l = -256 - -257. Let d be (-39)/(-9)*27/(l + 2). What is the greatest common divisor of 3 and d?
3
Suppose 5*g = -6*v + 9*v + 224, g + 5*v = 56. Calculate the greatest common factor of 230 and g.
46
Suppose 92*c - 98*c + 24 = 0. Let b be (c*-574)/(-8) - -2. Calculate the highest common factor of 17 and b.
17
Let b(c) = 109 + 44 - 16 + 53 - 27*c. Let j be b(6). Calculate the highest common divisor of j and 126.
14
Let d(z) = -2*z**3 - 21*z**2 + 22*z + 4. Let c be d(-12). Let p = -55 - -98. What is the greatest common factor of c and p?
43
Let h(p) = 6 - 3282*p**3 + 3283*p**3 - 8*p + 4*p**2 - 35 - 4*p. Let q be h(-5). What is the greatest common factor of q and 62?
2
Let q(z) = -47*z + 509. Let g be q(-12). What is the greatest common factor of g and 58?
29
Let c(l) = -9*l**2 - 20*l + 152. Let g be c(7). Let k = g - -509. Calculate the greatest common divisor of 176 and k.
16
Let i = -366 - -370. Let g be i*(-1016)/(-16) - 4/2. What is the highest common divisor of 24 and g?
12
Suppose -7*y - 3*y + 972 = -9*y. What is the greatest common divisor of y and 48?
12
Let a be ((-900)/780)/((-4)/26)*(-140)/(-6). What is the highest common divisor of 1775 and a?
25
Suppose 0 = -l + 2616 - 1833. What is the greatest common factor of 87 and l?
87
Suppose -17*s + 1042 + 1191 = 346. What is the highest common factor of 24 and s?
3
Suppose 0 = -2*o + o + 648. Suppose 159 = 6*j + 29*p - 26*p, -5*p - 95 = -5*j. Calculate the greatest common divisor of o and j.
24
Suppose 8803 = 40*f + 2723. Calculate the greatest common factor of f and 779.
19
Suppose 0 = -4*o + 11*w - 9*w + 2180, -o = 5*w - 556. Let q = o + -531. Calculate the highest common factor of q and 235.
5
Suppose -8*o - 56 = -10*o - 2*k, 5*k - 74 = -2*o. What is the greatest common factor of 2123 and o?
11
Let o be 2609/5 + 28/(-10) + 3. Suppose o + 606 = 6*t. Suppose 0 = 4*v - 20, -5*p + 62 = -5*v - t. Calculate the greatest common divisor of 5 and p.
5
Suppose 0 = -3*l + 26 - 17. Suppose -t - 6*h + 3*h = -20, -5*t + l*h = -100. Calculate the highest common divisor of t and 90.
10
Suppose 28*g = -4*a + 25*g + 10887, a - 2733 = -3*g. Calculate the greatest common divisor of a and 18.
18
Suppose -4*q - 2*n = -138, -36 = -q + 2*n - n. What is the greatest common divisor of 21 and q?
7
Suppose 0 = 112*i - 107*i. Let s be (-589 + i)/(-1) + -1. What is the highest common factor of 12 and s?
12
Let n be -15*(2/3)/(1560/(-467532)). What is the greatest common divisor of n and 648?
81
Suppose 12*b - 369 - 555 = 0. Let r = -497 + 504. What is the highest common divisor of r and b?
7
Suppose -5*l + 3*r + 723 = 0, -2*r + 0*r + 142 = l. Suppose 7*y - 2 - 54 = 0. Let c be (132/y - 3)/(3/4). Calculate the greatest common divisor of c and l.
18
Let u(y) = y**2 + 53*y - 3776. Let f be u(46). Calculate the greatest common factor of 27619 and f.
389
Let p(f) = -4*f**3 + 26*f**2 + 39*f - 13. Let z be p(-2). What is the highest common divisor of 1737 and z?
9
Let n(p) = -p**3 + 52*p**2 - 45*p - 192. Let h be n(51). Calculate the highest common divisor of 570 and h.
114
Let m(x) = x**2 + 9*x + 13. Suppose 6 = -5*y + 3*y. Let w be m(y). Let l(t) = -2*t + 2. Let c be l(w). What is the greatest common factor of c and 3?
3
Let x be 66 + (-1)/3 + 9/27. Let k be 120*(21/x - (-2)/11). What is the greatest common divisor of k and 660?
60
Let s(y) = y**2 - 2. Let d be s(-2). Suppose 98*i - 105*i = -91. Let h be 620/26 + d/i. Calculate the highest common factor of 120 and h.
24
Suppose 4*g = 278 - 14. Suppose g = 5*y - 49. Let m(b) = b**2 - 22*b - 2. Let w be m(y). What is the greatest common divisor of 3 and w?
3
Let b(l) = 9*l**2 + 6*l - 6. Let n be b(1). Let s be 105/3 + n/(-3). Calculate the greatest common factor of s and 208.
16
Let i(x) = 7*x**3 - 3*x + 48*x**